{"id":171,"date":"2017-04-04T07:32:34","date_gmt":"2017-04-04T07:32:34","guid":{"rendered":"http:\/\/www.indubombas.es\/?page_id=171"},"modified":"2017-04-11T15:51:09","modified_gmt":"2017-04-11T15:51:09","slug":"bombas-de-vacio-de-anillo-liquido","status":"publish","type":"page","link":"https:\/\/www.indubombas.es\/index.php\/productos\/speck\/bombas-de-vacio-de-anillo-liquido\/","title":{"rendered":"Bombas de vac\u00edo de anillo l\u00edquido"},"content":{"rendered":"<table class=\" aligncenter\" style=\"width: 1292px; height: 1179px;\">\n<tbody>\n<tr style=\"height: 740px;\">\n<td style=\"width: 1288.76px; height: 740px;\" colspan=\"3\">\n<h3><span style=\"font-family: arial, helvetica, sans-serif;\"><strong>Ventajas<\/strong><\/span><\/h3>\n<ul>\n<li><span style=\"font-family: arial, helvetica, sans-serif;\">Bombas fiables de gran calidad que son id\u00f3neas para muchas aplicaciones industriales.<\/span><\/li>\n<li><span style=\"font-family: arial, helvetica, sans-serif;\">Amplia gama de tama\u00f1os constructivos escalonados que cubren un enorme margen de caudales<\/span><\/li>\n<li><span style=\"font-family: arial, helvetica, sans-serif;\">Variedad de dise\u00f1os:<\/span>\n<ul>\n<li><span style=\"font-family: arial, helvetica, sans-serif;\">resistentes versiones de serie,<\/span><\/li>\n<li><span style=\"font-family: arial, helvetica, sans-serif;\">bombas libres de espacios muertos,<\/span><\/li>\n<li><span style=\"font-family: arial, helvetica, sans-serif;\">bombas que suministran agua,<\/span><\/li>\n<li><span style=\"font-family: arial, helvetica, sans-serif;\">bombas que permiten ahorrar agua industrial<\/span><\/li>\n<li><span style=\"font-family: arial, helvetica, sans-serif;\">bombas silenciosas de dos etapas.<\/span><\/li>\n<\/ul>\n<\/li>\n<\/ul>\n<h3><span style=\"font-family: arial, helvetica, sans-serif;\"><strong>Construcci\u00f3n<\/strong><\/span><\/h3>\n<ul>\n<li><span style=\"font-family: arial, helvetica, sans-serif;\">Bombas de una y dos etapas, con y sin v\u00e1lvulas de mariposa<\/span><\/li>\n<li><span style=\"font-family: arial, helvetica, sans-serif;\">Bombas monobloque y bombas de placa base<\/span><\/li>\n<li><span style=\"font-family: arial, helvetica, sans-serif;\">Cierres mec\u00e1nicos en funci\u00f3n del fluido<\/span><br \/>\n<span style=\"font-family: arial, helvetica, sans-serif;\"> Cierre mec\u00e1nico de simple efecto, consultar tambi\u00e9n con cierre mec\u00e1nico de doble efecto<\/span><\/li>\n<li><span style=\"font-family: arial, helvetica, sans-serif;\">Serie VZ tambi\u00e9n con accionamiento magn\u00e9tico<\/span><\/li>\n<li><span style=\"font-family: arial, helvetica, sans-serif;\">Ejecuciones de materiales diversos: metal no ferroso, fundici\u00f3n gris y acero inoxidable<\/span><\/li>\n<\/ul>\n<h3><span style=\"font-family: arial, helvetica, sans-serif;\"><strong>Gama de potencia<\/strong><\/span><\/h3>\n<ul>\n<li><span style=\"font-family: arial, helvetica, sans-serif;\">Qm\u00e1x 2,2 \u2013 1600 m\u00b3\/h (50 Hz)<\/span><\/li>\n<li><span style=\"font-family: arial, helvetica, sans-serif;\">Pm\u00edn 33 \u2013 150 mbar abs.<\/span><\/li>\n<li><span style=\"font-family: arial, helvetica, sans-serif;\">pm\u00edn 5 mbar abs. con radiador de gas<\/span><\/li>\n<li><span style=\"font-family: arial, helvetica, sans-serif;\">Bombas de placa base con homologaci\u00f3n y ATEX II 1G IIB+H2 cbk TX<\/span><\/li>\n<li><span style=\"font-family: arial, helvetica, sans-serif;\">Bombas monobloque con ATEX II 2GD cb TX<\/span><\/li>\n<\/ul>\n<\/td>\n<\/tr>\n<tr style=\"height: 51.2656px;\">\n<td style=\"width: 420px; height: 51.26px; text-align: left;\">\n<h2><a title=\"V Series - Los multitalentos\" href=\"https:\/\/www.indubombas.es\/index.php\/productos\/speck\/bombas-de-vacio-de-anillo-liquido\/v-series-los-multitalentos\/\"><strong><span style=\"font-family: arial, helvetica, sans-serif;\">V Series \u2013 Los multitalentos<\/span><\/strong><\/a><\/h2>\n<\/td>\n<td style=\"width: 423.38px; height: 51.26px; text-align: left;\">\n<h2><a title=\"Modelo VU\" href=\"https:\/\/www.indubombas.es\/index.php\/productos\/speck\/bombas-de-vacio-de-anillo-liquido\/modelo-vu\/\"><span style=\"font-family: arial, helvetica, sans-serif;\"><strong>\u00a0 \u00a0 \u00a0 \u00a0 \u00a0 \u00a0 \u00a0 \u00a0 \u00a0Modelo VU<\/strong><\/span><\/a><\/h2>\n<\/td>\n<td style=\"width: 423.38px; height: 51.26px; text-align: left;\">\n<h2><span style=\"font-family: arial, helvetica, sans-serif;\"><strong>\u00a0 \u00a0 \u00a0 \u00a0 \u00a0 \u00a0 \u00a0 <a href=\"https:\/\/www.indubombas.es\/index.php\/productos\/speck\/bombas-de-vacio-de-anillo-liquido\/modelo-vh\/\">\u00a0Modelo VH<\/a><\/strong><\/span><\/h2>\n<\/td>\n<\/tr>\n<tr style=\"height: 281px;\">\n<td style=\"width: 420px; height: 281px;\"><span style=\"font-family: arial, helvetica, sans-serif;\"><a href=\"https:\/\/www.indubombas.es\/index.php\/productos\/speck\/bombas-de-vacio-de-anillo-liquido\/v-series-los-multitalentos\/\"><img loading=\"lazy\" decoding=\"async\" class=\"alignnone wp-image-172 size-full\" src=\"https:\/\/www.indubombas.es\/wp-content\/uploads\/2017\/04\/V-55-e1491290940462.png\" alt=\"\" width=\"420\" height=\"315\" \/><\/a><\/span><\/td>\n<td style=\"width: 423.38px; height: 281px;\">\u00a0<a href=\"https:\/\/www.indubombas.es\/index.php\/productos\/speck\/bombas-de-vacio-de-anillo-liquido\/modelo-vu\/\"><img loading=\"lazy\" decoding=\"async\" class=\"alignnone wp-image-203\" src=\"https:\/\/www.indubombas.es\/wp-content\/uploads\/2017\/04\/vu.png\" alt=\"\" width=\"420\" height=\"304\" srcset=\"https:\/\/www.indubombas.es\/wp-content\/uploads\/2017\/04\/vu.png 618w, https:\/\/www.indubombas.es\/wp-content\/uploads\/2017\/04\/vu-300x217.png 300w\" sizes=\"auto, (max-width: 420px) 100vw, 420px\" \/><\/a><\/td>\n<td style=\"width: 423.38px; height: 281px;\">\u00a0<a href=\"https:\/\/www.indubombas.es\/index.php\/productos\/speck\/bombas-de-vacio-de-anillo-liquido\/modelo-vh\/\"><img loading=\"lazy\" decoding=\"async\" class=\"alignnone wp-image-211\" src=\"https:\/\/www.indubombas.es\/wp-content\/uploads\/2017\/04\/VH-500_01.png\" alt=\"\" width=\"420\" height=\"315\" srcset=\"https:\/\/www.indubombas.es\/wp-content\/uploads\/2017\/04\/VH-500_01.png 800w, https:\/\/www.indubombas.es\/wp-content\/uploads\/2017\/04\/VH-500_01-300x225.png 300w, https:\/\/www.indubombas.es\/wp-content\/uploads\/2017\/04\/VH-500_01-768x576.png 768w\" sizes=\"auto, (max-width: 420px) 100vw, 420px\" \/><\/a><\/td>\n<\/tr>\n<\/tbody>\n<\/table>\n<p>&nbsp;<\/p>\n","protected":false},"excerpt":{"rendered":"<p>Ventajas Bombas fiables de gran calidad que son id\u00f3neas para muchas aplicaciones industriales. Amplia gama de tama\u00f1os constructivos escalonados que cubren un enorme margen de caudales Variedad de dise\u00f1os: resistentes versiones de serie, bombas libres de espacios muertos, bombas que suministran agua, bombas que permiten ahorrar agua industrial bombas silenciosas de dos etapas. Construcci\u00f3n Bombas [&hellip;]<\/p>\n","protected":false},"author":1,"featured_media":0,"parent":169,"menu_order":0,"comment_status":"closed","ping_status":"closed","template":"","meta":{"_acf_changed":false,"footnotes":""},"class_list":["post-171","page","type-page","status-publish","czr-hentry"],"acf":[],"yoast_head":"<!-- This site is optimized with the Yoast SEO plugin v27.0 - https:\/\/yoast.com\/product\/yoast-seo-wordpress\/ -->\n<title>Bombas de vac\u00edo de anillo l\u00edquido<\/title>\n<meta name=\"robots\" content=\"index, follow, max-snippet:-1, max-image-preview:large, max-video-preview:-1\" \/>\n<link rel=\"canonical\" href=\"https:\/\/www.indubombas.es\/index.php\/productos\/speck\/bombas-de-vacio-de-anillo-liquido\/\" \/>\n<meta property=\"og:locale\" content=\"es_ES\" \/>\n<meta property=\"og:type\" content=\"article\" \/>\n<meta property=\"og:title\" content=\"Bombas de vac\u00edo de anillo l\u00edquido\" \/>\n<meta property=\"og:description\" content=\"Ventajas Bombas fiables de gran calidad que son id\u00f3neas para muchas aplicaciones industriales. Amplia gama de tama\u00f1os constructivos escalonados que cubren un enorme margen de caudales Variedad de dise\u00f1os: resistentes versiones de serie, bombas libres de espacios muertos, bombas que suministran agua, bombas que permiten ahorrar agua industrial bombas silenciosas de dos etapas. Construcci\u00f3n Bombas [&hellip;]\" \/>\n<meta property=\"og:url\" content=\"https:\/\/www.indubombas.es\/index.php\/productos\/speck\/bombas-de-vacio-de-anillo-liquido\/\" \/>\n<meta property=\"og:site_name\" content=\"InduBombas\" \/>\n<meta property=\"article:modified_time\" content=\"2017-04-11T15:51:09+00:00\" \/>\n<meta property=\"og:image\" content=\"http:\/\/www.indubombas.es\/wp-content\/uploads\/2017\/04\/V-55-e1491290940462.png\" \/>\n<meta name=\"twitter:card\" content=\"summary_large_image\" \/>\n<meta name=\"twitter:label1\" content=\"Tiempo de lectura\" \/>\n\t<meta name=\"twitter:data1\" content=\"1 minuto\" \/>\n<script type=\"application\/ld+json\" class=\"yoast-schema-graph\">{\"@context\":\"https:\/\/schema.org\",\"@graph\":[{\"@type\":\"WebPage\",\"@id\":\"https:\/\/www.indubombas.es\/index.php\/productos\/speck\/bombas-de-vacio-de-anillo-liquido\/\",\"url\":\"https:\/\/www.indubombas.es\/index.php\/productos\/speck\/bombas-de-vacio-de-anillo-liquido\/\",\"name\":\"Bombas de vac\u00edo de anillo l\u00edquido\",\"isPartOf\":{\"@id\":\"https:\/\/www.indubombas.es\/#website\"},\"primaryImageOfPage\":{\"@id\":\"https:\/\/www.indubombas.es\/index.php\/productos\/speck\/bombas-de-vacio-de-anillo-liquido\/#primaryimage\"},\"image\":{\"@id\":\"https:\/\/www.indubombas.es\/index.php\/productos\/speck\/bombas-de-vacio-de-anillo-liquido\/#primaryimage\"},\"thumbnailUrl\":\"http:\/\/www.indubombas.es\/wp-content\/uploads\/2017\/04\/V-55-e1491290940462.png\",\"datePublished\":\"2017-04-04T07:32:34+00:00\",\"dateModified\":\"2017-04-11T15:51:09+00:00\",\"breadcrumb\":{\"@id\":\"https:\/\/www.indubombas.es\/index.php\/productos\/speck\/bombas-de-vacio-de-anillo-liquido\/#breadcrumb\"},\"inLanguage\":\"es\",\"potentialAction\":[{\"@type\":\"ReadAction\",\"target\":[\"https:\/\/www.indubombas.es\/index.php\/productos\/speck\/bombas-de-vacio-de-anillo-liquido\/\"]}]},{\"@type\":\"ImageObject\",\"inLanguage\":\"es\",\"@id\":\"https:\/\/www.indubombas.es\/index.php\/productos\/speck\/bombas-de-vacio-de-anillo-liquido\/#primaryimage\",\"url\":\"http:\/\/www.indubombas.es\/wp-content\/uploads\/2017\/04\/V-55-e1491290940462.png\",\"contentUrl\":\"http:\/\/www.indubombas.es\/wp-content\/uploads\/2017\/04\/V-55-e1491290940462.png\"},{\"@type\":\"BreadcrumbList\",\"@id\":\"https:\/\/www.indubombas.es\/index.php\/productos\/speck\/bombas-de-vacio-de-anillo-liquido\/#breadcrumb\",\"itemListElement\":[{\"@type\":\"ListItem\",\"position\":1,\"name\":\"Portada\",\"item\":\"https:\/\/www.indubombas.es\/\"},{\"@type\":\"ListItem\",\"position\":2,\"name\":\"Productos\",\"item\":\"https:\/\/www.indubombas.es\/index.php\/productos\/\"},{\"@type\":\"ListItem\",\"position\":3,\"name\":\"SPECK\",\"item\":\"https:\/\/www.indubombas.es\/index.php\/productos\/speck\/\"},{\"@type\":\"ListItem\",\"position\":4,\"name\":\"Bombas de vac\u00edo de anillo l\u00edquido\"}]},{\"@type\":\"WebSite\",\"@id\":\"https:\/\/www.indubombas.es\/#website\",\"url\":\"https:\/\/www.indubombas.es\/\",\"name\":\"InduBombas\",\"description\":\"\",\"publisher\":{\"@id\":\"https:\/\/www.indubombas.es\/#organization\"},\"potentialAction\":[{\"@type\":\"SearchAction\",\"target\":{\"@type\":\"EntryPoint\",\"urlTemplate\":\"https:\/\/www.indubombas.es\/?s={search_term_string}\"},\"query-input\":{\"@type\":\"PropertyValueSpecification\",\"valueRequired\":true,\"valueName\":\"search_term_string\"}}],\"inLanguage\":\"es\"},{\"@type\":\"Organization\",\"@id\":\"https:\/\/www.indubombas.es\/#organization\",\"name\":\"Indubombas\",\"url\":\"https:\/\/www.indubombas.es\/\",\"logo\":{\"@type\":\"ImageObject\",\"inLanguage\":\"es\",\"@id\":\"https:\/\/www.indubombas.es\/#\/schema\/logo\/image\/\",\"url\":\"http:\/\/www.indubombas.es\/wp-content\/uploads\/2017\/03\/cropped-Logo-INDUBOMBAS-1.jpg\",\"contentUrl\":\"http:\/\/www.indubombas.es\/wp-content\/uploads\/2017\/03\/cropped-Logo-INDUBOMBAS-1.jpg\",\"width\":2667,\"height\":1181,\"caption\":\"Indubombas\"},\"image\":{\"@id\":\"https:\/\/www.indubombas.es\/#\/schema\/logo\/image\/\"}}]}<\/script>\n<!-- \/ Yoast SEO plugin. -->","yoast_head_json":{"title":"Bombas de vac\u00edo de anillo l\u00edquido","robots":{"index":"index","follow":"follow","max-snippet":"max-snippet:-1","max-image-preview":"max-image-preview:large","max-video-preview":"max-video-preview:-1"},"canonical":"https:\/\/www.indubombas.es\/index.php\/productos\/speck\/bombas-de-vacio-de-anillo-liquido\/","og_locale":"es_ES","og_type":"article","og_title":"Bombas de vac\u00edo de anillo l\u00edquido","og_description":"Ventajas Bombas fiables de gran calidad que son id\u00f3neas para muchas aplicaciones industriales. Amplia gama de tama\u00f1os constructivos escalonados que cubren un enorme margen de caudales Variedad de dise\u00f1os: resistentes versiones de serie, bombas libres de espacios muertos, bombas que suministran agua, bombas que permiten ahorrar agua industrial bombas silenciosas de dos etapas. Construcci\u00f3n Bombas [&hellip;]","og_url":"https:\/\/www.indubombas.es\/index.php\/productos\/speck\/bombas-de-vacio-de-anillo-liquido\/","og_site_name":"InduBombas","article_modified_time":"2017-04-11T15:51:09+00:00","og_image":[{"url":"http:\/\/www.indubombas.es\/wp-content\/uploads\/2017\/04\/V-55-e1491290940462.png","type":"","width":"","height":""}],"twitter_card":"summary_large_image","twitter_misc":{"Tiempo de lectura":"1 minuto"},"schema":{"@context":"https:\/\/schema.org","@graph":[{"@type":"WebPage","@id":"https:\/\/www.indubombas.es\/index.php\/productos\/speck\/bombas-de-vacio-de-anillo-liquido\/","url":"https:\/\/www.indubombas.es\/index.php\/productos\/speck\/bombas-de-vacio-de-anillo-liquido\/","name":"Bombas de vac\u00edo de anillo l\u00edquido","isPartOf":{"@id":"https:\/\/www.indubombas.es\/#website"},"primaryImageOfPage":{"@id":"https:\/\/www.indubombas.es\/index.php\/productos\/speck\/bombas-de-vacio-de-anillo-liquido\/#primaryimage"},"image":{"@id":"https:\/\/www.indubombas.es\/index.php\/productos\/speck\/bombas-de-vacio-de-anillo-liquido\/#primaryimage"},"thumbnailUrl":"http:\/\/www.indubombas.es\/wp-content\/uploads\/2017\/04\/V-55-e1491290940462.png","datePublished":"2017-04-04T07:32:34+00:00","dateModified":"2017-04-11T15:51:09+00:00","breadcrumb":{"@id":"https:\/\/www.indubombas.es\/index.php\/productos\/speck\/bombas-de-vacio-de-anillo-liquido\/#breadcrumb"},"inLanguage":"es","potentialAction":[{"@type":"ReadAction","target":["https:\/\/www.indubombas.es\/index.php\/productos\/speck\/bombas-de-vacio-de-anillo-liquido\/"]}]},{"@type":"ImageObject","inLanguage":"es","@id":"https:\/\/www.indubombas.es\/index.php\/productos\/speck\/bombas-de-vacio-de-anillo-liquido\/#primaryimage","url":"http:\/\/www.indubombas.es\/wp-content\/uploads\/2017\/04\/V-55-e1491290940462.png","contentUrl":"http:\/\/www.indubombas.es\/wp-content\/uploads\/2017\/04\/V-55-e1491290940462.png"},{"@type":"BreadcrumbList","@id":"https:\/\/www.indubombas.es\/index.php\/productos\/speck\/bombas-de-vacio-de-anillo-liquido\/#breadcrumb","itemListElement":[{"@type":"ListItem","position":1,"name":"Portada","item":"https:\/\/www.indubombas.es\/"},{"@type":"ListItem","position":2,"name":"Productos","item":"https:\/\/www.indubombas.es\/index.php\/productos\/"},{"@type":"ListItem","position":3,"name":"SPECK","item":"https:\/\/www.indubombas.es\/index.php\/productos\/speck\/"},{"@type":"ListItem","position":4,"name":"Bombas de vac\u00edo de anillo l\u00edquido"}]},{"@type":"WebSite","@id":"https:\/\/www.indubombas.es\/#website","url":"https:\/\/www.indubombas.es\/","name":"InduBombas","description":"","publisher":{"@id":"https:\/\/www.indubombas.es\/#organization"},"potentialAction":[{"@type":"SearchAction","target":{"@type":"EntryPoint","urlTemplate":"https:\/\/www.indubombas.es\/?s={search_term_string}"},"query-input":{"@type":"PropertyValueSpecification","valueRequired":true,"valueName":"search_term_string"}}],"inLanguage":"es"},{"@type":"Organization","@id":"https:\/\/www.indubombas.es\/#organization","name":"Indubombas","url":"https:\/\/www.indubombas.es\/","logo":{"@type":"ImageObject","inLanguage":"es","@id":"https:\/\/www.indubombas.es\/#\/schema\/logo\/image\/","url":"http:\/\/www.indubombas.es\/wp-content\/uploads\/2017\/03\/cropped-Logo-INDUBOMBAS-1.jpg","contentUrl":"http:\/\/www.indubombas.es\/wp-content\/uploads\/2017\/03\/cropped-Logo-INDUBOMBAS-1.jpg","width":2667,"height":1181,"caption":"Indubombas"},"image":{"@id":"https:\/\/www.indubombas.es\/#\/schema\/logo\/image\/"}}]}},"_links":{"self":[{"href":"https:\/\/www.indubombas.es\/index.php\/wp-json\/wp\/v2\/pages\/171","targetHints":{"allow":["GET"]}}],"collection":[{"href":"https:\/\/www.indubombas.es\/index.php\/wp-json\/wp\/v2\/pages"}],"about":[{"href":"https:\/\/www.indubombas.es\/index.php\/wp-json\/wp\/v2\/types\/page"}],"author":[{"embeddable":true,"href":"https:\/\/www.indubombas.es\/index.php\/wp-json\/wp\/v2\/users\/1"}],"replies":[{"embeddable":true,"href":"https:\/\/www.indubombas.es\/index.php\/wp-json\/wp\/v2\/comments?post=171"}],"version-history":[{"count":63,"href":"https:\/\/www.indubombas.es\/index.php\/wp-json\/wp\/v2\/pages\/171\/revisions"}],"predecessor-version":[{"id":775,"href":"https:\/\/www.indubombas.es\/index.php\/wp-json\/wp\/v2\/pages\/171\/revisions\/775"}],"up":[{"embeddable":true,"href":"https:\/\/www.indubombas.es\/index.php\/wp-json\/wp\/v2\/pages\/169"}],"wp:attachment":[{"href":"https:\/\/www.indubombas.es\/index.php\/wp-json\/wp\/v2\/media?parent=171"}],"curies":[{"name":"wp","href":"https:\/\/api.w.org\/{rel}","templated":true}]}}