{"id":282,"date":"2017-04-04T14:09:58","date_gmt":"2017-04-04T14:09:58","guid":{"rendered":"http:\/\/www.indubombas.es\/?page_id=282"},"modified":"2017-04-05T16:40:47","modified_gmt":"2017-04-05T16:40:47","slug":"impulsor-periferico-accionamiento-magnetico","status":"publish","type":"page","link":"https:\/\/www.indubombas.es\/index.php\/productos\/speck\/impulsor-periferico-accionamiento-magnetico\/","title":{"rendered":"Bombas de fluidos t\u00e9rmicos con accionamiento magn\u00e9tico"},"content":{"rendered":"<table class=\" aligncenter\" style=\"width: 674px;\">\n<tbody>\n<tr>\n<td style=\"width: 651px;\" colspan=\"2\">\n<h3><strong>Ventajas<\/strong><\/h3>\n<ol>\n<li>Bombas resistentes y fiables de gran calidad para el funcionamiento continuo<\/li>\n<li>Herm\u00e9ticas y sin fugas, de poco mantenimiento y seguras durante el funcionamiento<\/li>\n<li>Ejecuci\u00f3n de agua caliente HT dise\u00f1ada para altas presiones de sistema<\/li>\n<li>Ejecuci\u00f3n de aceite t\u00e9rmico TOE resistente a ligera ebullici\u00f3n en el fluido de alimentaci\u00f3n<\/li>\n<\/ol>\n<h3><strong>Construcci\u00f3n<\/strong><\/h3>\n<ol start=\"5\">\n<li>Eje de la bomba de cer\u00e1mica, cojinetes de deslizamiento de SiC<\/li>\n<li>Posici\u00f3n de conexi\u00f3n top\/top, con roscas y bridas SAE<\/li>\n<li>De aspiraci\u00f3n normal<\/li>\n<li>Accionamientos magn\u00e9ticos de gran calidad<\/li>\n<li>Ejecuciones de acero inoxidable y fundici\u00f3n esferoidal<\/li>\n<\/ol>\n<h3><strong>Gama de potencia<\/strong><\/h3>\n<ol start=\"10\">\n<li>Hm\u00e1x 48 \u2013 90 m (50 Hz)<\/li>\n<li>Qm\u00e1x 27 \u2013 200 l\/min (50 Hz)<\/li>\n<li>Tm\u00e1x<br \/>\nAgua hasta 220 \u00b0C<br \/>\nAceite hasta 400 \u00b0C<br \/>\nConsultar otros fluidos<\/li>\n<li>ATEX II 2GD IIC cb TX<\/li>\n<\/ol>\n<\/td>\n<\/tr>\n<tr>\n<td style=\"width: 651px;\" colspan=\"2\">\n<h2><strong>Modelo NPY-2251-MK-HT <\/strong><\/h2>\n<\/td>\n<\/tr>\n<tr>\n<td style=\"width: 368px;\">\u00a0<img loading=\"lazy\" decoding=\"async\" class=\"aligncenter wp-image-287\" src=\"https:\/\/www.indubombas.es\/wp-content\/uploads\/2017\/04\/NPY-2251png.png\" alt=\"\" width=\"420\" height=\"304\" srcset=\"https:\/\/www.indubombas.es\/wp-content\/uploads\/2017\/04\/NPY-2251png.png 618w, https:\/\/www.indubombas.es\/wp-content\/uploads\/2017\/04\/NPY-2251png-300x217.png 300w\" sizes=\"auto, (max-width: 420px) 100vw, 420px\" \/><\/td>\n<td style=\"width: 283px;\">\n<h4><\/h4>\n<h4><strong>Bombas de fluidos t\u00e9rmicos (agua caliente) con accionamiento magn\u00e9tico<\/strong><\/h4>\n<\/td>\n<\/tr>\n<tr>\n<td style=\"width: 368px;\"><strong>Fluidos<\/strong><\/p>\n<ul>\n<li>Agua 220 \u00b0 C max.<\/li>\n<\/ul>\n<p><strong>Motor<\/strong><\/p>\n<ul>\n<li>0,5 \/ 0,55 kW, 3~Mot<\/li>\n<\/ul>\n<p><strong>Materiales<\/strong><\/p>\n<ul>\n<li>Acero inoxidable<\/li>\n<\/ul>\n<\/td>\n<td style=\"width: 283px;\">&nbsp;<\/p>\n<p>&nbsp;<\/p>\n<p><strong>Conexi\u00f3n aspiraci\u00f3n<\/strong><\/p>\n<ul>\n<li>G 1\/2; SAE 1\/2<\/li>\n<\/ul>\n<p><strong>Conexi\u00f3n impulsi\u00f3n<\/strong><\/p>\n<ul>\n<li>G 1\/2; SAE 1\/2<\/li>\n<\/ul>\n<p><strong>Junta<\/strong><\/p>\n<ul>\n<li>Separador \/ Accionamiento magn\u00e9tico<\/li>\n<\/ul>\n<p><strong>Dimensiones (A\/Alt\/P)<\/strong><\/p>\n<ul>\n<li>-\/-<\/li>\n<\/ul>\n<\/td>\n<\/tr>\n<tr>\n<td style=\"width: 651px;\" colspan=\"2\">\u00a0\u00a0<strong><u>Ventajas<\/u><\/strong><\/p>\n<ul>\n<li>Admiten inclusiones de gas<\/li>\n<li>Alta curva caracter\u00edstica<\/li>\n<li>Altas presiones, con dise\u00f1o compacto<\/li>\n<li>Gracias al accionamiento magn\u00e9tico, no se producen derrames ni requieren alg\u00fan tipo de mantenimiento<\/li>\n<li>Cambio del sentido de marcha (derecha-izquierda)<\/li>\n<\/ul>\n<\/td>\n<\/tr>\n<tr>\n<td style=\"width: 651px;\" colspan=\"2\">\n<h2><strong> Modelo CY-4281-MK-HT <\/strong><\/h2>\n<\/td>\n<\/tr>\n<tr>\n<td style=\"width: 368px;\">\n<h2>\u00a0<img loading=\"lazy\" decoding=\"async\" class=\"aligncenter wp-image-296\" src=\"https:\/\/www.indubombas.es\/wp-content\/uploads\/2017\/04\/CY-4281-MK-HT.png\" alt=\"\" width=\"420\" height=\"304\" srcset=\"https:\/\/www.indubombas.es\/wp-content\/uploads\/2017\/04\/CY-4281-MK-HT.png 618w, https:\/\/www.indubombas.es\/wp-content\/uploads\/2017\/04\/CY-4281-MK-HT-300x217.png 300w\" sizes=\"auto, (max-width: 420px) 100vw, 420px\" \/><\/h2>\n<\/td>\n<td style=\"width: 283px;\">\n<h2><\/h2>\n<h4><strong>Bombas de fluidos t\u00e9rmicos (agua caliente) con accionamiento magn\u00e9tico<\/strong><\/h4>\n<\/td>\n<\/tr>\n<tr>\n<td style=\"width: 368px;\">\n<h4><strong>Fluidos<\/strong><\/h4>\n<ul>\n<li>Agua 220 \u00b0 C max.<\/li>\n<\/ul>\n<p><strong>Motor<\/strong><\/p>\n<ul>\n<li>1,0 \/ 2,2 kW, 3~Mot<\/li>\n<\/ul>\n<h4><strong>Materiales<\/strong><\/h4>\n<ul>\n<li>Acero inoxidable<\/li>\n<\/ul>\n<\/td>\n<td style=\"width: 283px;\">\n<h4><strong>Conexi\u00f3n aspiraci\u00f3n<\/strong><\/h4>\n<ul>\n<li>SAE 3\/4<\/li>\n<\/ul>\n<p><strong>Conexi\u00f3n impulsi\u00f3n<\/strong><\/p>\n<ul>\n<li>SAE 3\/4<\/li>\n<\/ul>\n<p><strong>Junta<\/strong><\/p>\n<ul>\n<li>Separador \/ Accionamiento magn\u00e9tico<\/li>\n<\/ul>\n<p><strong>Dimensiones (A\/Alt\/P)<\/strong><\/p>\n<ul>\n<li>-\/-<\/li>\n<\/ul>\n<\/td>\n<\/tr>\n<tr>\n<td style=\"width: 651px;\" colspan=\"2\">\u00a0<strong><u>Ventajas<\/u><\/strong><\/p>\n<ul>\n<li>Admiten inclusiones de gas<\/li>\n<li>Alta curva caracter\u00edstica<\/li>\n<li>Altas presiones, con dise\u00f1o compacto<\/li>\n<li>Gracias al accionamiento magn\u00e9tico, no se producen derrames ni requieren alg\u00fan tipo de mantenimiento<\/li>\n<li>Cambio del sentido de marcha (derecha-izquierda)<\/li>\n<\/ul>\n<\/td>\n<\/tr>\n<tr>\n<td style=\"width: 651px;\" colspan=\"2\">\n<h2>\u00a0\u00a0<strong>Modelo CY-6091-MK-HT<\/strong><\/h2>\n<\/td>\n<\/tr>\n<tr>\n<td style=\"width: 368px;\"><img loading=\"lazy\" decoding=\"async\" class=\"size-full wp-image-301 aligncenter\" src=\"https:\/\/www.indubombas.es\/wp-content\/uploads\/2017\/04\/CY-6091-MK-HT.png\" alt=\"\" width=\"618\" height=\"447\" srcset=\"https:\/\/www.indubombas.es\/wp-content\/uploads\/2017\/04\/CY-6091-MK-HT.png 618w, https:\/\/www.indubombas.es\/wp-content\/uploads\/2017\/04\/CY-6091-MK-HT-300x217.png 300w\" sizes=\"auto, (max-width: 618px) 100vw, 618px\" \/><\/td>\n<td style=\"width: 283px;\">\n<h4><strong>Bombas de fluidos t\u00e9rmicos (agua caliente) con accionamiento magn\u00e9tico<\/strong><\/h4>\n<\/td>\n<\/tr>\n<tr>\n<td style=\"width: 368px;\"><strong>Fluidos<\/strong><\/p>\n<ul>\n<li>Agua 220 \u00b0 C max.<\/li>\n<\/ul>\n<p><strong>Motor<\/strong><\/p>\n<ul>\n<li>2,8 \/ 5,5 kW, 3~Mot<\/li>\n<\/ul>\n<p><strong>Materiales<\/strong><\/p>\n<ul>\n<li>Fundici\u00f3n esferoidal<\/li>\n<\/ul>\n<\/td>\n<td style=\"width: 283px;\">\u00a0<strong>Conexi\u00f3n aspiraci\u00f3n<\/strong><\/p>\n<ul>\n<li>G 3\/4; SAE 1; SAE 1 1\/4<\/li>\n<\/ul>\n<p><strong>Conexi\u00f3n impulsi\u00f3n<\/strong><\/p>\n<ul>\n<li>G 3\/4; SAE 1; SAE 1 1\/4<\/li>\n<\/ul>\n<p><strong>Junta<\/strong><\/p>\n<ul>\n<li>Separador \/ Accionamiento magn\u00e9tico<\/li>\n<\/ul>\n<p><strong>Dimensiones (A\/Alt\/P)<\/strong><\/p>\n<ul>\n<li>-\/-<\/li>\n<\/ul>\n<\/td>\n<\/tr>\n<tr>\n<td style=\"width: 651px;\" colspan=\"2\"><strong><u>Ventajas<\/u><\/strong><\/p>\n<ul>\n<li>Admiten inclusiones de gas<\/li>\n<li>Alta curva caracter\u00edstica<\/li>\n<li>Altas presiones, con dise\u00f1o compacto<\/li>\n<li>Gracias al accionamiento magn\u00e9tico, no se producen derrames ni requieren alg\u00fan tipo de mantenimiento<\/li>\n<li>Cambio del sentido de marcha (derecha-izquierda)<\/li>\n<\/ul>\n<\/td>\n<\/tr>\n<tr>\n<td style=\"width: 651px;\" colspan=\"2\">\n<h2>\u00a0<strong>Modelo NPY-2251-MK-TOE<\/strong><\/h2>\n<\/td>\n<\/tr>\n<tr>\n<td style=\"width: 368px;\"><img loading=\"lazy\" decoding=\"async\" class=\"size-full wp-image-305 aligncenter\" src=\"https:\/\/www.indubombas.es\/wp-content\/uploads\/2017\/04\/NPY-2251-mk.png\" alt=\"\" width=\"618\" height=\"447\" srcset=\"https:\/\/www.indubombas.es\/wp-content\/uploads\/2017\/04\/NPY-2251-mk.png 618w, https:\/\/www.indubombas.es\/wp-content\/uploads\/2017\/04\/NPY-2251-mk-300x217.png 300w\" sizes=\"auto, (max-width: 618px) 100vw, 618px\" \/><\/td>\n<td style=\"width: 283px;\"><strong>Bombas de fluidos t\u00e9rmicos (agua caliente) con accionamiento magn\u00e9tico<\/strong><\/td>\n<\/tr>\n<tr>\n<td style=\"width: 368px;\"><strong>Fluidos<\/strong><\/p>\n<ul>\n<li>Aceite 350 \u00b0 C max.<\/li>\n<\/ul>\n<p><strong>Motor<\/strong><\/p>\n<ul>\n<li>0,5 \/ 0,55 kW, 3~Mot<\/li>\n<\/ul>\n<p><strong>Materiales<\/strong><\/p>\n<ul>\n<li>Acero inoxidable<\/li>\n<\/ul>\n<\/td>\n<td style=\"width: 283px;\"><strong>Conexi\u00f3n aspiraci\u00f3n<\/strong><\/p>\n<ul>\n<li>G 1\/2; SAE 1\/2<\/li>\n<\/ul>\n<p><strong>Conexi\u00f3n impulsi\u00f3n<\/strong><\/p>\n<ul>\n<li>G 1\/2; SAE 1\/2<\/li>\n<\/ul>\n<p><strong>Junta<\/strong><\/p>\n<ul>\n<li>Separador \/ Accionamiento magn\u00e9tico<\/li>\n<\/ul>\n<p><strong>Dimensiones (A\/Alt\/P)<\/strong><\/p>\n<ul>\n<li>-\/-<\/li>\n<\/ul>\n<\/td>\n<\/tr>\n<tr>\n<td style=\"width: 651px;\" colspan=\"2\">\u00a0<strong><u>Ventajas<\/u><\/strong><\/p>\n<ul>\n<li>Admiten inclusiones de gas<\/li>\n<li>Alta curva caracter\u00edstica<\/li>\n<li>Altas presiones, con dise\u00f1o compacto<\/li>\n<li>Gracias al accionamiento magn\u00e9tico, no se producen derrames ni requieren alg\u00fan tipo de mantenimiento<\/li>\n<li>Cambio del sentido de marcha (derecha-izquierda)<\/li>\n<\/ul>\n<\/td>\n<\/tr>\n<\/tbody>\n<\/table>\n","protected":false},"excerpt":{"rendered":"<p>Ventajas Bombas resistentes y fiables de gran calidad para el funcionamiento continuo Herm\u00e9ticas y sin fugas, de poco mantenimiento y seguras durante el funcionamiento Ejecuci\u00f3n de agua caliente HT dise\u00f1ada para altas presiones de sistema Ejecuci\u00f3n de aceite t\u00e9rmico TOE resistente a ligera ebullici\u00f3n en el fluido de alimentaci\u00f3n Construcci\u00f3n Eje de la bomba de [&hellip;]<\/p>\n","protected":false},"author":1,"featured_media":0,"parent":169,"menu_order":0,"comment_status":"closed","ping_status":"closed","template":"","meta":{"_acf_changed":false,"footnotes":""},"class_list":["post-282","page","type-page","status-publish","czr-hentry"],"acf":[],"yoast_head":"<!-- This site is optimized with the Yoast SEO plugin v27.0 - https:\/\/yoast.com\/product\/yoast-seo-wordpress\/ -->\n<title>Bombas de fluidos t\u00e9rmicos con accionamiento magn\u00e9tico<\/title>\n<meta name=\"robots\" content=\"index, follow, max-snippet:-1, max-image-preview:large, max-video-preview:-1\" \/>\n<link rel=\"canonical\" href=\"https:\/\/www.indubombas.es\/index.php\/productos\/speck\/impulsor-periferico-accionamiento-magnetico\/\" \/>\n<meta property=\"og:locale\" content=\"es_ES\" \/>\n<meta property=\"og:type\" content=\"article\" \/>\n<meta property=\"og:title\" content=\"Bombas de fluidos t\u00e9rmicos con accionamiento magn\u00e9tico\" \/>\n<meta property=\"og:description\" content=\"Ventajas Bombas resistentes y fiables de gran calidad para el funcionamiento continuo Herm\u00e9ticas y sin fugas, de poco mantenimiento y seguras durante el funcionamiento Ejecuci\u00f3n de agua caliente HT dise\u00f1ada para altas presiones de sistema Ejecuci\u00f3n de aceite t\u00e9rmico TOE resistente a ligera ebullici\u00f3n en el fluido de alimentaci\u00f3n Construcci\u00f3n Eje de la bomba de [&hellip;]\" \/>\n<meta property=\"og:url\" content=\"https:\/\/www.indubombas.es\/index.php\/productos\/speck\/impulsor-periferico-accionamiento-magnetico\/\" \/>\n<meta property=\"og:site_name\" content=\"InduBombas\" \/>\n<meta property=\"article:modified_time\" content=\"2017-04-05T16:40:47+00:00\" \/>\n<meta property=\"og:image\" content=\"http:\/\/www.indubombas.es\/wp-content\/uploads\/2017\/04\/NPY-2251png.png\" \/>\n<meta name=\"twitter:card\" content=\"summary_large_image\" \/>\n<meta name=\"twitter:label1\" content=\"Tiempo de lectura\" \/>\n\t<meta name=\"twitter:data1\" content=\"2 minutos\" \/>\n<script type=\"application\/ld+json\" class=\"yoast-schema-graph\">{\"@context\":\"https:\/\/schema.org\",\"@graph\":[{\"@type\":\"WebPage\",\"@id\":\"https:\/\/www.indubombas.es\/index.php\/productos\/speck\/impulsor-periferico-accionamiento-magnetico\/\",\"url\":\"https:\/\/www.indubombas.es\/index.php\/productos\/speck\/impulsor-periferico-accionamiento-magnetico\/\",\"name\":\"Bombas de fluidos t\u00e9rmicos con accionamiento magn\u00e9tico\",\"isPartOf\":{\"@id\":\"https:\/\/www.indubombas.es\/#website\"},\"primaryImageOfPage\":{\"@id\":\"https:\/\/www.indubombas.es\/index.php\/productos\/speck\/impulsor-periferico-accionamiento-magnetico\/#primaryimage\"},\"image\":{\"@id\":\"https:\/\/www.indubombas.es\/index.php\/productos\/speck\/impulsor-periferico-accionamiento-magnetico\/#primaryimage\"},\"thumbnailUrl\":\"http:\/\/www.indubombas.es\/wp-content\/uploads\/2017\/04\/NPY-2251png.png\",\"datePublished\":\"2017-04-04T14:09:58+00:00\",\"dateModified\":\"2017-04-05T16:40:47+00:00\",\"breadcrumb\":{\"@id\":\"https:\/\/www.indubombas.es\/index.php\/productos\/speck\/impulsor-periferico-accionamiento-magnetico\/#breadcrumb\"},\"inLanguage\":\"es\",\"potentialAction\":[{\"@type\":\"ReadAction\",\"target\":[\"https:\/\/www.indubombas.es\/index.php\/productos\/speck\/impulsor-periferico-accionamiento-magnetico\/\"]}]},{\"@type\":\"ImageObject\",\"inLanguage\":\"es\",\"@id\":\"https:\/\/www.indubombas.es\/index.php\/productos\/speck\/impulsor-periferico-accionamiento-magnetico\/#primaryimage\",\"url\":\"http:\/\/www.indubombas.es\/wp-content\/uploads\/2017\/04\/NPY-2251png.png\",\"contentUrl\":\"http:\/\/www.indubombas.es\/wp-content\/uploads\/2017\/04\/NPY-2251png.png\"},{\"@type\":\"BreadcrumbList\",\"@id\":\"https:\/\/www.indubombas.es\/index.php\/productos\/speck\/impulsor-periferico-accionamiento-magnetico\/#breadcrumb\",\"itemListElement\":[{\"@type\":\"ListItem\",\"position\":1,\"name\":\"Portada\",\"item\":\"https:\/\/www.indubombas.es\/\"},{\"@type\":\"ListItem\",\"position\":2,\"name\":\"Productos\",\"item\":\"https:\/\/www.indubombas.es\/index.php\/productos\/\"},{\"@type\":\"ListItem\",\"position\":3,\"name\":\"SPECK\",\"item\":\"https:\/\/www.indubombas.es\/index.php\/productos\/speck\/\"},{\"@type\":\"ListItem\",\"position\":4,\"name\":\"Bombas de fluidos t\u00e9rmicos con accionamiento magn\u00e9tico\"}]},{\"@type\":\"WebSite\",\"@id\":\"https:\/\/www.indubombas.es\/#website\",\"url\":\"https:\/\/www.indubombas.es\/\",\"name\":\"InduBombas\",\"description\":\"\",\"publisher\":{\"@id\":\"https:\/\/www.indubombas.es\/#organization\"},\"potentialAction\":[{\"@type\":\"SearchAction\",\"target\":{\"@type\":\"EntryPoint\",\"urlTemplate\":\"https:\/\/www.indubombas.es\/?s={search_term_string}\"},\"query-input\":{\"@type\":\"PropertyValueSpecification\",\"valueRequired\":true,\"valueName\":\"search_term_string\"}}],\"inLanguage\":\"es\"},{\"@type\":\"Organization\",\"@id\":\"https:\/\/www.indubombas.es\/#organization\",\"name\":\"Indubombas\",\"url\":\"https:\/\/www.indubombas.es\/\",\"logo\":{\"@type\":\"ImageObject\",\"inLanguage\":\"es\",\"@id\":\"https:\/\/www.indubombas.es\/#\/schema\/logo\/image\/\",\"url\":\"http:\/\/www.indubombas.es\/wp-content\/uploads\/2017\/03\/cropped-Logo-INDUBOMBAS-1.jpg\",\"contentUrl\":\"http:\/\/www.indubombas.es\/wp-content\/uploads\/2017\/03\/cropped-Logo-INDUBOMBAS-1.jpg\",\"width\":2667,\"height\":1181,\"caption\":\"Indubombas\"},\"image\":{\"@id\":\"https:\/\/www.indubombas.es\/#\/schema\/logo\/image\/\"}}]}<\/script>\n<!-- \/ Yoast SEO plugin. -->","yoast_head_json":{"title":"Bombas de fluidos t\u00e9rmicos con accionamiento magn\u00e9tico","robots":{"index":"index","follow":"follow","max-snippet":"max-snippet:-1","max-image-preview":"max-image-preview:large","max-video-preview":"max-video-preview:-1"},"canonical":"https:\/\/www.indubombas.es\/index.php\/productos\/speck\/impulsor-periferico-accionamiento-magnetico\/","og_locale":"es_ES","og_type":"article","og_title":"Bombas de fluidos t\u00e9rmicos con accionamiento magn\u00e9tico","og_description":"Ventajas Bombas resistentes y fiables de gran calidad para el funcionamiento continuo Herm\u00e9ticas y sin fugas, de poco mantenimiento y seguras durante el funcionamiento Ejecuci\u00f3n de agua caliente HT dise\u00f1ada para altas presiones de sistema Ejecuci\u00f3n de aceite t\u00e9rmico TOE resistente a ligera ebullici\u00f3n en el fluido de alimentaci\u00f3n Construcci\u00f3n Eje de la bomba de [&hellip;]","og_url":"https:\/\/www.indubombas.es\/index.php\/productos\/speck\/impulsor-periferico-accionamiento-magnetico\/","og_site_name":"InduBombas","article_modified_time":"2017-04-05T16:40:47+00:00","og_image":[{"url":"http:\/\/www.indubombas.es\/wp-content\/uploads\/2017\/04\/NPY-2251png.png","type":"","width":"","height":""}],"twitter_card":"summary_large_image","twitter_misc":{"Tiempo de lectura":"2 minutos"},"schema":{"@context":"https:\/\/schema.org","@graph":[{"@type":"WebPage","@id":"https:\/\/www.indubombas.es\/index.php\/productos\/speck\/impulsor-periferico-accionamiento-magnetico\/","url":"https:\/\/www.indubombas.es\/index.php\/productos\/speck\/impulsor-periferico-accionamiento-magnetico\/","name":"Bombas de fluidos t\u00e9rmicos con accionamiento magn\u00e9tico","isPartOf":{"@id":"https:\/\/www.indubombas.es\/#website"},"primaryImageOfPage":{"@id":"https:\/\/www.indubombas.es\/index.php\/productos\/speck\/impulsor-periferico-accionamiento-magnetico\/#primaryimage"},"image":{"@id":"https:\/\/www.indubombas.es\/index.php\/productos\/speck\/impulsor-periferico-accionamiento-magnetico\/#primaryimage"},"thumbnailUrl":"http:\/\/www.indubombas.es\/wp-content\/uploads\/2017\/04\/NPY-2251png.png","datePublished":"2017-04-04T14:09:58+00:00","dateModified":"2017-04-05T16:40:47+00:00","breadcrumb":{"@id":"https:\/\/www.indubombas.es\/index.php\/productos\/speck\/impulsor-periferico-accionamiento-magnetico\/#breadcrumb"},"inLanguage":"es","potentialAction":[{"@type":"ReadAction","target":["https:\/\/www.indubombas.es\/index.php\/productos\/speck\/impulsor-periferico-accionamiento-magnetico\/"]}]},{"@type":"ImageObject","inLanguage":"es","@id":"https:\/\/www.indubombas.es\/index.php\/productos\/speck\/impulsor-periferico-accionamiento-magnetico\/#primaryimage","url":"http:\/\/www.indubombas.es\/wp-content\/uploads\/2017\/04\/NPY-2251png.png","contentUrl":"http:\/\/www.indubombas.es\/wp-content\/uploads\/2017\/04\/NPY-2251png.png"},{"@type":"BreadcrumbList","@id":"https:\/\/www.indubombas.es\/index.php\/productos\/speck\/impulsor-periferico-accionamiento-magnetico\/#breadcrumb","itemListElement":[{"@type":"ListItem","position":1,"name":"Portada","item":"https:\/\/www.indubombas.es\/"},{"@type":"ListItem","position":2,"name":"Productos","item":"https:\/\/www.indubombas.es\/index.php\/productos\/"},{"@type":"ListItem","position":3,"name":"SPECK","item":"https:\/\/www.indubombas.es\/index.php\/productos\/speck\/"},{"@type":"ListItem","position":4,"name":"Bombas de fluidos t\u00e9rmicos con accionamiento magn\u00e9tico"}]},{"@type":"WebSite","@id":"https:\/\/www.indubombas.es\/#website","url":"https:\/\/www.indubombas.es\/","name":"InduBombas","description":"","publisher":{"@id":"https:\/\/www.indubombas.es\/#organization"},"potentialAction":[{"@type":"SearchAction","target":{"@type":"EntryPoint","urlTemplate":"https:\/\/www.indubombas.es\/?s={search_term_string}"},"query-input":{"@type":"PropertyValueSpecification","valueRequired":true,"valueName":"search_term_string"}}],"inLanguage":"es"},{"@type":"Organization","@id":"https:\/\/www.indubombas.es\/#organization","name":"Indubombas","url":"https:\/\/www.indubombas.es\/","logo":{"@type":"ImageObject","inLanguage":"es","@id":"https:\/\/www.indubombas.es\/#\/schema\/logo\/image\/","url":"http:\/\/www.indubombas.es\/wp-content\/uploads\/2017\/03\/cropped-Logo-INDUBOMBAS-1.jpg","contentUrl":"http:\/\/www.indubombas.es\/wp-content\/uploads\/2017\/03\/cropped-Logo-INDUBOMBAS-1.jpg","width":2667,"height":1181,"caption":"Indubombas"},"image":{"@id":"https:\/\/www.indubombas.es\/#\/schema\/logo\/image\/"}}]}},"_links":{"self":[{"href":"https:\/\/www.indubombas.es\/index.php\/wp-json\/wp\/v2\/pages\/282","targetHints":{"allow":["GET"]}}],"collection":[{"href":"https:\/\/www.indubombas.es\/index.php\/wp-json\/wp\/v2\/pages"}],"about":[{"href":"https:\/\/www.indubombas.es\/index.php\/wp-json\/wp\/v2\/types\/page"}],"author":[{"embeddable":true,"href":"https:\/\/www.indubombas.es\/index.php\/wp-json\/wp\/v2\/users\/1"}],"replies":[{"embeddable":true,"href":"https:\/\/www.indubombas.es\/index.php\/wp-json\/wp\/v2\/comments?post=282"}],"version-history":[{"count":27,"href":"https:\/\/www.indubombas.es\/index.php\/wp-json\/wp\/v2\/pages\/282\/revisions"}],"predecessor-version":[{"id":286,"href":"https:\/\/www.indubombas.es\/index.php\/wp-json\/wp\/v2\/pages\/282\/revisions\/286"}],"up":[{"embeddable":true,"href":"https:\/\/www.indubombas.es\/index.php\/wp-json\/wp\/v2\/pages\/169"}],"wp:attachment":[{"href":"https:\/\/www.indubombas.es\/index.php\/wp-json\/wp\/v2\/media?parent=282"}],"curies":[{"name":"wp","href":"https:\/\/api.w.org\/{rel}","templated":true}]}}