{"id":88,"date":"2017-03-23T14:26:56","date_gmt":"2017-03-23T14:26:56","guid":{"rendered":"http:\/\/www.indubombas.es\/?page_id=88"},"modified":"2017-05-11T08:42:53","modified_gmt":"2017-05-11T08:42:53","slug":"taller","status":"publish","type":"page","link":"https:\/\/www.indubombas.es\/index.php\/taller\/","title":{"rendered":"Taller"},"content":{"rendered":"<p>&nbsp;<\/p>\n<p>&nbsp;<\/p>\n<table style=\"width: 1072px; background-color: #ffffff;\">\n<tbody>\n<tr style=\"height: 175px;\">\n<td style=\"width: 701px; height: 175px; text-align: left; vertical-align: top;\" colspan=\"2\">\n<p style=\"text-align: justify;\"><span style=\"font-family: arial, helvetica, sans-serif;\"><span style=\"font-size: 16px;\">Disponemos de Taller con personal cualificado y con mucha experiencia en la reparaci\u00f3n de cualquier tipo de bomba<\/span><span style=\"font-size: 20px;\"><span style=\"font-size: 16px;\"> y con la maquinaria necesaria para dejar las bombas en perfecto estado y en plenas garant\u00edas de funcionamiento.<\/span><\/span><\/span><\/p>\n<\/td>\n<td style=\"width: 343px; height: 175px; text-align: left;\"><span style=\"font-size: 20px; font-family: arial, helvetica, sans-serif;\"><img loading=\"lazy\" decoding=\"async\" class=\"wp-image-817 aligncenter\" src=\"https:\/\/www.indubombas.es\/wp-content\/uploads\/2017\/04\/taller.jpg\" alt=\"\" width=\"239\" height=\"159\" srcset=\"https:\/\/www.indubombas.es\/wp-content\/uploads\/2017\/04\/taller.jpg 5616w, https:\/\/www.indubombas.es\/wp-content\/uploads\/2017\/04\/taller-300x200.jpg 300w, https:\/\/www.indubombas.es\/wp-content\/uploads\/2017\/04\/taller-768x512.jpg 768w, https:\/\/www.indubombas.es\/wp-content\/uploads\/2017\/04\/taller-1024x683.jpg 1024w\" sizes=\"auto, (max-width: 239px) 100vw, 239px\" \/><\/span><\/td>\n<\/tr>\n<tr style=\"height: 39px;\">\n<td style=\"width: 1044px; height: 39px; vertical-align: top;\" colspan=\"3\">\n<h4 style=\"padding-left: 30px;\"><span style=\"font-family: arial, helvetica, sans-serif;\"><strong>Algunas de nuestras m\u00e1quinas que se utilizan en el taller:<\/strong><\/span><\/h4>\n<\/td>\n<\/tr>\n<tr style=\"height: 22px;\">\n<td style=\"width: 347.707px; height: 22px;\">\n<h3><span style=\"font-family: arial, helvetica, sans-serif;\"><strong><img loading=\"lazy\" decoding=\"async\" class=\"aligncenter wp-image-698\" src=\"https:\/\/www.indubombas.es\/wp-content\/uploads\/2017\/03\/2-e1491909458520.jpg\" alt=\"\" width=\"220\" height=\"293\" srcset=\"https:\/\/www.indubombas.es\/wp-content\/uploads\/2017\/03\/2-e1491909458520.jpg 480w, https:\/\/www.indubombas.es\/wp-content\/uploads\/2017\/03\/2-e1491909458520-225x300.jpg 225w\" sizes=\"auto, (max-width: 220px) 100vw, 220px\" \/><\/strong><\/span><\/h3>\n<\/td>\n<td style=\"width: 353.293px; height: 22px;\"><span style=\"font-size: 20px; font-family: arial, helvetica, sans-serif;\"><span style=\"font-size: 12px;\"><img loading=\"lazy\" decoding=\"async\" class=\"aligncenter wp-image-699\" src=\"https:\/\/www.indubombas.es\/wp-content\/uploads\/2017\/03\/3-e1491909445242.jpg\" alt=\"\" width=\"220\" height=\"293\" srcset=\"https:\/\/www.indubombas.es\/wp-content\/uploads\/2017\/03\/3-e1491909445242.jpg 480w, https:\/\/www.indubombas.es\/wp-content\/uploads\/2017\/03\/3-e1491909445242-225x300.jpg 225w\" sizes=\"auto, (max-width: 220px) 100vw, 220px\" \/><\/span><\/span><\/td>\n<td style=\"width: 343px; height: 22px;\"><img loading=\"lazy\" decoding=\"async\" class=\"aligncenter wp-image-700\" src=\"https:\/\/www.indubombas.es\/wp-content\/uploads\/2017\/03\/4-e1491909433622.jpg\" alt=\"\" width=\"220\" height=\"293\" srcset=\"https:\/\/www.indubombas.es\/wp-content\/uploads\/2017\/03\/4-e1491909433622.jpg 480w, https:\/\/www.indubombas.es\/wp-content\/uploads\/2017\/03\/4-e1491909433622-225x300.jpg 225w\" sizes=\"auto, (max-width: 220px) 100vw, 220px\" \/><\/td>\n<\/tr>\n<tr style=\"height: 64px;\">\n<td style=\"width: 701px; height: 64px;\" colspan=\"2\">\n<p style=\"text-align: center;\"><span style=\"font-size: 12px; font-family: arial, helvetica, sans-serif;\"><strong>M\u00e1quina de sorrear<\/strong><\/span><\/p>\n<\/td>\n<td style=\"width: 343px; height: 64px; text-align: center;\"><span style=\"font-size: 12px; font-family: arial, helvetica, sans-serif;\"><strong>Lavadora desengrasante<\/strong><\/span><\/td>\n<\/tr>\n<tr style=\"height: 26px;\">\n<td style=\"width: 1044px; height: 26px;\" colspan=\"3\"><span style=\"font-size: 16px; font-family: arial, helvetica, sans-serif;\"><strong><u>Ejemplo reparaci\u00f3n 1 :<\/u><\/strong><\/span><\/td>\n<\/tr>\n<tr style=\"height: 26px;\">\n<td style=\"width: 347.707px; height: 26px;\"><span style=\"font-size: 16px; font-family: arial, helvetica, sans-serif;\"><img loading=\"lazy\" decoding=\"async\" class=\"aligncenter wp-image-701\" src=\"https:\/\/www.indubombas.es\/wp-content\/uploads\/2017\/03\/5-e1491910545124.jpg\" alt=\"\" width=\"220\" height=\"293\" srcset=\"https:\/\/www.indubombas.es\/wp-content\/uploads\/2017\/03\/5-e1491910545124.jpg 390w, https:\/\/www.indubombas.es\/wp-content\/uploads\/2017\/03\/5-e1491910545124-225x300.jpg 225w\" sizes=\"auto, (max-width: 220px) 100vw, 220px\" \/><\/span><\/td>\n<td style=\"width: 353.293px; height: 26px;\"><span style=\"font-size: 16px; font-family: arial, helvetica, sans-serif;\"><img loading=\"lazy\" decoding=\"async\" class=\"aligncenter wp-image-702\" src=\"https:\/\/www.indubombas.es\/wp-content\/uploads\/2017\/03\/6-e1491910618854.jpg\" alt=\"\" width=\"220\" height=\"294\" srcset=\"https:\/\/www.indubombas.es\/wp-content\/uploads\/2017\/03\/6-e1491910618854.jpg 388w, https:\/\/www.indubombas.es\/wp-content\/uploads\/2017\/03\/6-e1491910618854-225x300.jpg 225w\" sizes=\"auto, (max-width: 220px) 100vw, 220px\" \/><\/span><\/td>\n<td style=\"width: 343px; height: 26px;\"><span style=\"font-size: 16px; font-family: arial, helvetica, sans-serif;\"><img loading=\"lazy\" decoding=\"async\" class=\"aligncenter wp-image-703\" src=\"https:\/\/www.indubombas.es\/wp-content\/uploads\/2017\/03\/7.jpg\" alt=\"\" width=\"391\" height=\"293\" srcset=\"https:\/\/www.indubombas.es\/wp-content\/uploads\/2017\/03\/7.jpg 640w, https:\/\/www.indubombas.es\/wp-content\/uploads\/2017\/03\/7-300x225.jpg 300w\" sizes=\"auto, (max-width: 391px) 100vw, 391px\" \/><\/span><\/td>\n<\/tr>\n<tr style=\"height: 26px;\">\n<td style=\"width: 347.707px; height: 26px; text-align: center;\"><span style=\"font-size: 12px; font-family: arial, helvetica, sans-serif;\">Bomba tal y como llega al Taller\u00a0<\/span><\/td>\n<td style=\"width: 353.293px; height: 26px; text-align: center;\"><span style=\"font-size: 12px; font-family: arial, helvetica, sans-serif;\">Piezas a sustituir o reparar\u00a0\u00a0<\/span><\/td>\n<td style=\"width: 343px; height: 26px; text-align: center;\"><span style=\"font-size: 12px; font-family: arial, helvetica, sans-serif;\"> Bomba reparada lista para entregar al cliente<\/span><\/td>\n<\/tr>\n<tr style=\"height: 26px;\">\n<td style=\"width: 1044px; height: 26px;\" colspan=\"3\"><span style=\"font-size: 16px; font-family: arial, helvetica, sans-serif;\"><strong><u>Ejemplo reparaci\u00f3n 2 :<\/u><\/strong><\/span><\/td>\n<\/tr>\n<tr style=\"height: 26px;\">\n<td style=\"width: 347.707px; height: 26px;\"><span style=\"font-family: arial, helvetica, sans-serif;\"><img loading=\"lazy\" decoding=\"async\" class=\"aligncenter wp-image-710\" src=\"https:\/\/www.indubombas.es\/wp-content\/uploads\/2017\/03\/21.jpg\" alt=\"\" width=\"390\" height=\"293\" srcset=\"https:\/\/www.indubombas.es\/wp-content\/uploads\/2017\/03\/21.jpg 441w, https:\/\/www.indubombas.es\/wp-content\/uploads\/2017\/03\/21-300x225.jpg 300w\" sizes=\"auto, (max-width: 390px) 100vw, 390px\" \/><\/span><\/td>\n<td style=\"width: 353.293px; height: 26px;\"><img loading=\"lazy\" decoding=\"async\" class=\"aligncenter wp-image-713\" src=\"https:\/\/www.indubombas.es\/wp-content\/uploads\/2017\/03\/24.jpg\" alt=\"\" width=\"391\" height=\"293\" srcset=\"https:\/\/www.indubombas.es\/wp-content\/uploads\/2017\/03\/24.jpg 508w, https:\/\/www.indubombas.es\/wp-content\/uploads\/2017\/03\/24-300x225.jpg 300w\" sizes=\"auto, (max-width: 391px) 100vw, 391px\" \/><\/td>\n<td style=\"width: 343px; height: 26px;\"><img loading=\"lazy\" decoding=\"async\" class=\"aligncenter wp-image-712\" src=\"https:\/\/www.indubombas.es\/wp-content\/uploads\/2017\/03\/23-e1491925094124.jpg\" alt=\"\" width=\"220\" height=\"293\" srcset=\"https:\/\/www.indubombas.es\/wp-content\/uploads\/2017\/03\/23-e1491925094124.jpg 251w, https:\/\/www.indubombas.es\/wp-content\/uploads\/2017\/03\/23-e1491925094124-225x300.jpg 225w\" sizes=\"auto, (max-width: 220px) 100vw, 220px\" \/><\/td>\n<\/tr>\n<tr style=\"height: 26px;\">\n<td style=\"width: 347.7px; height: 26px; text-align: center;\"><span style=\"font-size: 12px; font-family: arial, helvetica, sans-serif;\">Recepci\u00f3n de bombas en el Taller<\/span><\/td>\n<td style=\"width: 353.29px; height: 26px; text-align: center;\"><span style=\"font-size: 12px; font-family: arial, helvetica, sans-serif;\">Desmontaje de la bomba y sus accesorios para su verificaci\u00f3n<\/span><\/td>\n<td style=\"width: 343px; height: 26px; text-align: center;\"><span style=\"font-size: 12px; font-family: arial, helvetica, sans-serif;\">Clasificaci\u00f3n de piezas de la bomba para su limpieza<\/span><\/td>\n<\/tr>\n<tr style=\"height: 26px;\">\n<td style=\"width: 347.707px; height: 26px;\"><span style=\"font-size: 16px; font-family: arial, helvetica, sans-serif;\"><img loading=\"lazy\" decoding=\"async\" class=\"wp-image-711 aligncenter\" src=\"https:\/\/www.indubombas.es\/wp-content\/uploads\/2017\/03\/22-e1492775415625.jpg\" alt=\"\" width=\"390\" height=\"293\" srcset=\"https:\/\/www.indubombas.es\/wp-content\/uploads\/2017\/03\/22-e1492775415625.jpg 365w, https:\/\/www.indubombas.es\/wp-content\/uploads\/2017\/03\/22-e1492775415625-300x225.jpg 300w\" sizes=\"auto, (max-width: 390px) 100vw, 390px\" \/><\/span><\/td>\n<td style=\"width: 353.293px; height: 26px;\"><img loading=\"lazy\" decoding=\"async\" class=\"alignnone wp-image-714\" src=\"https:\/\/www.indubombas.es\/wp-content\/uploads\/2017\/03\/25-e1494492074761.jpg\" alt=\"\" width=\"391\" height=\"293\" srcset=\"https:\/\/www.indubombas.es\/wp-content\/uploads\/2017\/03\/25-e1494492074761.jpg 640w, https:\/\/www.indubombas.es\/wp-content\/uploads\/2017\/03\/25-e1494492074761-300x225.jpg 300w\" sizes=\"auto, (max-width: 391px) 100vw, 391px\" \/><\/td>\n<td style=\"width: 343px; height: 26px;\"><span style=\"font-size: 16px; font-family: arial, helvetica, sans-serif;\">\u00a0<\/span><\/td>\n<\/tr>\n<tr style=\"height: 26px;\">\n<td style=\"width: 347.7px; height: 26px; text-align: center;\"><span style=\"font-size: 12px; font-family: arial, helvetica, sans-serif;\">Comprobaci\u00f3n de los diferentes accesorios<br \/>\n(motores, acoplamientos y bancadas)<\/span><\/td>\n<td style=\"width: 353.29px; height: 26px; text-align: center;\"><span style=\"font-size: 12px; font-family: arial, helvetica, sans-serif;\">Bombas listas para entregar al cliente<\/span><\/td>\n<td style=\"width: 343px; height: 26px; text-align: left;\"><span style=\"font-size: 12px; font-family: arial, helvetica, sans-serif;\">\u00a0<\/span><\/td>\n<\/tr>\n<\/tbody>\n<\/table>\n<p>&nbsp;<\/p>\n","protected":false},"excerpt":{"rendered":"<p>&nbsp; &nbsp; Disponemos de Taller con personal cualificado y con mucha experiencia en la reparaci\u00f3n de cualquier tipo de bomba y con la maquinaria necesaria para dejar las bombas en perfecto estado y en plenas garant\u00edas de funcionamiento. Algunas de nuestras m\u00e1quinas que se utilizan en el taller: M\u00e1quina de sorrear Lavadora desengrasante Ejemplo reparaci\u00f3n [&hellip;]<\/p>\n","protected":false},"author":1,"featured_media":0,"parent":0,"menu_order":0,"comment_status":"closed","ping_status":"closed","template":"","meta":{"_acf_changed":false,"footnotes":""},"class_list":["post-88","page","type-page","status-publish","czr-hentry"],"acf":[],"yoast_head":"<!-- This site is optimized with the Yoast SEO plugin v27.0 - https:\/\/yoast.com\/product\/yoast-seo-wordpress\/ -->\n<title>Taller<\/title>\n<meta name=\"robots\" content=\"index, follow, max-snippet:-1, max-image-preview:large, max-video-preview:-1\" \/>\n<link rel=\"canonical\" href=\"https:\/\/www.indubombas.es\/index.php\/taller\/\" \/>\n<meta property=\"og:locale\" content=\"es_ES\" \/>\n<meta property=\"og:type\" content=\"article\" \/>\n<meta property=\"og:title\" content=\"Taller\" \/>\n<meta property=\"og:description\" content=\"&nbsp; &nbsp; Disponemos de Taller con personal cualificado y con mucha experiencia en la reparaci\u00f3n de cualquier tipo de bomba y con la maquinaria necesaria para dejar las bombas en perfecto estado y en plenas garant\u00edas de funcionamiento. Algunas de nuestras m\u00e1quinas que se utilizan en el taller: M\u00e1quina de sorrear Lavadora desengrasante Ejemplo reparaci\u00f3n [&hellip;]\" \/>\n<meta property=\"og:url\" content=\"https:\/\/www.indubombas.es\/index.php\/taller\/\" \/>\n<meta property=\"og:site_name\" content=\"InduBombas\" \/>\n<meta property=\"article:modified_time\" content=\"2017-05-11T08:42:53+00:00\" \/>\n<meta property=\"og:image\" content=\"http:\/\/www.indubombas.es\/wp-content\/uploads\/2017\/04\/taller.jpg\" \/>\n<meta name=\"twitter:card\" content=\"summary_large_image\" \/>\n<meta name=\"twitter:label1\" content=\"Tiempo de lectura\" \/>\n\t<meta name=\"twitter:data1\" content=\"1 minuto\" \/>\n<script type=\"application\/ld+json\" class=\"yoast-schema-graph\">{\"@context\":\"https:\/\/schema.org\",\"@graph\":[{\"@type\":\"WebPage\",\"@id\":\"https:\/\/www.indubombas.es\/index.php\/taller\/\",\"url\":\"https:\/\/www.indubombas.es\/index.php\/taller\/\",\"name\":\"Taller\",\"isPartOf\":{\"@id\":\"https:\/\/www.indubombas.es\/#website\"},\"primaryImageOfPage\":{\"@id\":\"https:\/\/www.indubombas.es\/index.php\/taller\/#primaryimage\"},\"image\":{\"@id\":\"https:\/\/www.indubombas.es\/index.php\/taller\/#primaryimage\"},\"thumbnailUrl\":\"http:\/\/www.indubombas.es\/wp-content\/uploads\/2017\/04\/taller.jpg\",\"datePublished\":\"2017-03-23T14:26:56+00:00\",\"dateModified\":\"2017-05-11T08:42:53+00:00\",\"breadcrumb\":{\"@id\":\"https:\/\/www.indubombas.es\/index.php\/taller\/#breadcrumb\"},\"inLanguage\":\"es\",\"potentialAction\":[{\"@type\":\"ReadAction\",\"target\":[\"https:\/\/www.indubombas.es\/index.php\/taller\/\"]}]},{\"@type\":\"ImageObject\",\"inLanguage\":\"es\",\"@id\":\"https:\/\/www.indubombas.es\/index.php\/taller\/#primaryimage\",\"url\":\"http:\/\/www.indubombas.es\/wp-content\/uploads\/2017\/04\/taller.jpg\",\"contentUrl\":\"http:\/\/www.indubombas.es\/wp-content\/uploads\/2017\/04\/taller.jpg\"},{\"@type\":\"BreadcrumbList\",\"@id\":\"https:\/\/www.indubombas.es\/index.php\/taller\/#breadcrumb\",\"itemListElement\":[{\"@type\":\"ListItem\",\"position\":1,\"name\":\"Portada\",\"item\":\"https:\/\/www.indubombas.es\/\"},{\"@type\":\"ListItem\",\"position\":2,\"name\":\"Taller\"}]},{\"@type\":\"WebSite\",\"@id\":\"https:\/\/www.indubombas.es\/#website\",\"url\":\"https:\/\/www.indubombas.es\/\",\"name\":\"InduBombas\",\"description\":\"\",\"publisher\":{\"@id\":\"https:\/\/www.indubombas.es\/#organization\"},\"potentialAction\":[{\"@type\":\"SearchAction\",\"target\":{\"@type\":\"EntryPoint\",\"urlTemplate\":\"https:\/\/www.indubombas.es\/?s={search_term_string}\"},\"query-input\":{\"@type\":\"PropertyValueSpecification\",\"valueRequired\":true,\"valueName\":\"search_term_string\"}}],\"inLanguage\":\"es\"},{\"@type\":\"Organization\",\"@id\":\"https:\/\/www.indubombas.es\/#organization\",\"name\":\"Indubombas\",\"url\":\"https:\/\/www.indubombas.es\/\",\"logo\":{\"@type\":\"ImageObject\",\"inLanguage\":\"es\",\"@id\":\"https:\/\/www.indubombas.es\/#\/schema\/logo\/image\/\",\"url\":\"http:\/\/www.indubombas.es\/wp-content\/uploads\/2017\/03\/cropped-Logo-INDUBOMBAS-1.jpg\",\"contentUrl\":\"http:\/\/www.indubombas.es\/wp-content\/uploads\/2017\/03\/cropped-Logo-INDUBOMBAS-1.jpg\",\"width\":2667,\"height\":1181,\"caption\":\"Indubombas\"},\"image\":{\"@id\":\"https:\/\/www.indubombas.es\/#\/schema\/logo\/image\/\"}}]}<\/script>\n<!-- \/ Yoast SEO plugin. -->","yoast_head_json":{"title":"Taller","robots":{"index":"index","follow":"follow","max-snippet":"max-snippet:-1","max-image-preview":"max-image-preview:large","max-video-preview":"max-video-preview:-1"},"canonical":"https:\/\/www.indubombas.es\/index.php\/taller\/","og_locale":"es_ES","og_type":"article","og_title":"Taller","og_description":"&nbsp; &nbsp; Disponemos de Taller con personal cualificado y con mucha experiencia en la reparaci\u00f3n de cualquier tipo de bomba y con la maquinaria necesaria para dejar las bombas en perfecto estado y en plenas garant\u00edas de funcionamiento. Algunas de nuestras m\u00e1quinas que se utilizan en el taller: M\u00e1quina de sorrear Lavadora desengrasante Ejemplo reparaci\u00f3n [&hellip;]","og_url":"https:\/\/www.indubombas.es\/index.php\/taller\/","og_site_name":"InduBombas","article_modified_time":"2017-05-11T08:42:53+00:00","og_image":[{"url":"http:\/\/www.indubombas.es\/wp-content\/uploads\/2017\/04\/taller.jpg","type":"","width":"","height":""}],"twitter_card":"summary_large_image","twitter_misc":{"Tiempo de lectura":"1 minuto"},"schema":{"@context":"https:\/\/schema.org","@graph":[{"@type":"WebPage","@id":"https:\/\/www.indubombas.es\/index.php\/taller\/","url":"https:\/\/www.indubombas.es\/index.php\/taller\/","name":"Taller","isPartOf":{"@id":"https:\/\/www.indubombas.es\/#website"},"primaryImageOfPage":{"@id":"https:\/\/www.indubombas.es\/index.php\/taller\/#primaryimage"},"image":{"@id":"https:\/\/www.indubombas.es\/index.php\/taller\/#primaryimage"},"thumbnailUrl":"http:\/\/www.indubombas.es\/wp-content\/uploads\/2017\/04\/taller.jpg","datePublished":"2017-03-23T14:26:56+00:00","dateModified":"2017-05-11T08:42:53+00:00","breadcrumb":{"@id":"https:\/\/www.indubombas.es\/index.php\/taller\/#breadcrumb"},"inLanguage":"es","potentialAction":[{"@type":"ReadAction","target":["https:\/\/www.indubombas.es\/index.php\/taller\/"]}]},{"@type":"ImageObject","inLanguage":"es","@id":"https:\/\/www.indubombas.es\/index.php\/taller\/#primaryimage","url":"http:\/\/www.indubombas.es\/wp-content\/uploads\/2017\/04\/taller.jpg","contentUrl":"http:\/\/www.indubombas.es\/wp-content\/uploads\/2017\/04\/taller.jpg"},{"@type":"BreadcrumbList","@id":"https:\/\/www.indubombas.es\/index.php\/taller\/#breadcrumb","itemListElement":[{"@type":"ListItem","position":1,"name":"Portada","item":"https:\/\/www.indubombas.es\/"},{"@type":"ListItem","position":2,"name":"Taller"}]},{"@type":"WebSite","@id":"https:\/\/www.indubombas.es\/#website","url":"https:\/\/www.indubombas.es\/","name":"InduBombas","description":"","publisher":{"@id":"https:\/\/www.indubombas.es\/#organization"},"potentialAction":[{"@type":"SearchAction","target":{"@type":"EntryPoint","urlTemplate":"https:\/\/www.indubombas.es\/?s={search_term_string}"},"query-input":{"@type":"PropertyValueSpecification","valueRequired":true,"valueName":"search_term_string"}}],"inLanguage":"es"},{"@type":"Organization","@id":"https:\/\/www.indubombas.es\/#organization","name":"Indubombas","url":"https:\/\/www.indubombas.es\/","logo":{"@type":"ImageObject","inLanguage":"es","@id":"https:\/\/www.indubombas.es\/#\/schema\/logo\/image\/","url":"http:\/\/www.indubombas.es\/wp-content\/uploads\/2017\/03\/cropped-Logo-INDUBOMBAS-1.jpg","contentUrl":"http:\/\/www.indubombas.es\/wp-content\/uploads\/2017\/03\/cropped-Logo-INDUBOMBAS-1.jpg","width":2667,"height":1181,"caption":"Indubombas"},"image":{"@id":"https:\/\/www.indubombas.es\/#\/schema\/logo\/image\/"}}]}},"_links":{"self":[{"href":"https:\/\/www.indubombas.es\/index.php\/wp-json\/wp\/v2\/pages\/88","targetHints":{"allow":["GET"]}}],"collection":[{"href":"https:\/\/www.indubombas.es\/index.php\/wp-json\/wp\/v2\/pages"}],"about":[{"href":"https:\/\/www.indubombas.es\/index.php\/wp-json\/wp\/v2\/types\/page"}],"author":[{"embeddable":true,"href":"https:\/\/www.indubombas.es\/index.php\/wp-json\/wp\/v2\/users\/1"}],"replies":[{"embeddable":true,"href":"https:\/\/www.indubombas.es\/index.php\/wp-json\/wp\/v2\/comments?post=88"}],"version-history":[{"count":56,"href":"https:\/\/www.indubombas.es\/index.php\/wp-json\/wp\/v2\/pages\/88\/revisions"}],"predecessor-version":[{"id":849,"href":"https:\/\/www.indubombas.es\/index.php\/wp-json\/wp\/v2\/pages\/88\/revisions\/849"}],"wp:attachment":[{"href":"https:\/\/www.indubombas.es\/index.php\/wp-json\/wp\/v2\/media?parent=88"}],"curies":[{"name":"wp","href":"https:\/\/api.w.org\/{rel}","templated":true}]}}